it of k?
0
What is the tens digit of -11*((-10)/5 - 19)?
3
What is the hundreds digit of 129/(-2)*((-4116)/(-18))/(-7)?
1
Let k(z) = -3*z - 19. Suppose -x = 5*l - 5*x + 52, -2*l - 25 = -3*x. What is the units digit of k(l)?
5
Let c(n) = 44*n**2 - 60*n + 333. What is the tens digit of c(5)?
3
Let f = -17 - -20. Let j be (3 + -6)*(f + -4). Suppose 0 = -r + j*p + 51 + 5, -3*p + 190 = 5*r. What is the tens digit of r?
4
Let g = -7 + 8. Let l be g - (-2 + 1 - 3). Suppose l = -w, -w + 20 - 1 = 3*p. What is the units digit of p?
8
Suppose -5*d = -31 + 6. Suppose 2*c - 3*m - 18 = -d*m, m + 15 = c. What is the units digit of c?
2
Let x(n) = n**2 + 5*n + 6. Let t be x(-4). Let m(c) = 10*c**t - c + 3 + 4 + c**3 - 2*c - 9. What is the units digit of m(-10)?
8
Let x(g) = g - 18. Let j be x(0). Let v = j - -43. What is the units digit of v/(-20)*(-12)/3?
5
Let h(x) = -x**2 - 45*x - 84. What is the tens digit of h(-25)?
1
Suppose -3*g + 3210 = -x, -5*g + 7*g = -x + 2135. What is the thousands digit of g?
1
Let d(h) be the third derivative of -1/60*h**5 + 0*h + 0 + 0*h**4 + 10/3*h**3 + 4*h**2. What is the tens digit of d(0)?
2
Let l(u) = -u**3 - 4*u**2 + 8*u + 6. Let v be l(-5). Let b be (v - -1)*(-20)/16. Let o = b + -2. What is the units digit of o?
8
Suppose 0 = 5*p - 4*y - 29 - 20, -5*y + 20 = 0. Let t(h) be the first derivative of -h**4/4 + 14*h**3/3 - 13*h**2/2 + h + 1. What is the units digit of t(p)?
1
Suppose 0 = o + u - 1306, 2*u = 2*o + o - 3943. What is the units digit of o?
1
Let l be 10*(-6)/(-75)*5. Let c = 67 - l. What is the tens digit of c?
6
Let n = -49 - -53. Suppose 5*t - 4*x = 754, -t - 2*t = -n*x - 454. What is the units digit of t?
0
Let v = -288 + 910. What is the hundreds digit of v?
6
Let k be (-2 + 1)*1 + 9. Let w = 32 + k. What is the units digit of w?
0
Let y = 6909 - 1269. What is the hundreds digit of y?
6
Let i(p) = p**3 - 5*p**2 + 4*p + 7. Let n be i(5). Let y(v) = 2*v**3 - 6*v**2 + 6*v - 6. Let m be y(4). Let j = m - n. What is the tens digit of j?
2
Let v(f) = 3*f**2 + 77*f + 33. Let w be v(-26). Let q be ((-2)/(-3))/(2/(-18)). Let x = w + q. What is the tens digit of x?
5
What is the thousands digit of -3 + -1 - (-78982)/34 - 1?
2
What is the hundreds digit of (2/(-4))/((-264446)/22036 + 12)?
7
Suppose 8*r = -4*r + 216. Suppose 16*n = r*n - 462. What is the units digit of n?
1
Let n = 42 + -13. Suppose -n - 11 = -5*p. Let k = 32 + p. What is the tens digit of k?
4
Let v(a) = -144*a - 332. What is the hundreds digit of v(-7)?
6
Let s(i) = i**2 + 5*i + 56. What is the hundreds digit of s(12)?
2
Suppose -12*m + 7*m = -1515. What is the tens digit of m?
0
Suppose -1 = -6*g + 11. What is the tens digit of ((-78)/(-91))/(g/154)?
6
Let b(k) = -k - 1. Let d be b(-1). Let w be 1 + d + 1 + 0. Let p = w - -16. What is the units digit of p?
8
Let c be -5*(54/5)/(-3). Suppose -n + c = -4. Suppose -2*i + n = 2*g - i, -5*g + 4*i + 42 = 0. What is the tens digit of g?
1
Suppose -5*w - 4*l = -14, 0 = w + l - 2 - 1. Let r be -5 + (-5)/(-4) - 1/4. What is the units digit of w + -2 + 6 + r?
2
Suppose -6162 - 36630 = -24*b. What is the units digit of b?
3
Let y(g) be the third derivative of -g**5/30 + g**4/8 + g**3/3 + 4*g**2. Let r be y(4). What is the tens digit of 3 + 1 + r/(-1)?
2
Suppose -3*m + 3 = -3*z - 3, 2*z = 4. Suppose m*n = 6 + 6. Suppose -n*u + 81 + 12 = 0. What is the tens digit of u?
3
Let i(l) = 51*l**2 + 8*l + 33. What is the tens digit of i(-3)?
6
Let x(j) be the first derivative of 5*j - 7 + 4 + 4 - j**2 + 4. What is the tens digit of x(-14)?
3
Let z(g) = g**2 + 3*g + 4. Let w be z(-2). Suppose w*p - 262 = -2*p + 5*r, -5*p + 325 = -5*r. What is the units digit of p?
3
Suppose 151 + 209 = 9*u. Suppose -9*f + 4*f = -u. What is the units digit of f?
8
Let b = 203 - 144. What is the tens digit of (b - 0) + -4 + 8?
6
Let f be (3/(-2))/(6/4). Let w(t) = 212*t**2 - t - 1. What is the hundreds digit of w(f)?
2
Let v be 5/((-15)/(-6)) - -3. Suppose 20 = j + 5*h - 1, 15 = v*j - 5*h. Suppose u - 14 = j. What is the tens digit of u?
2
Suppose -o - 3 = 2*q, 4*o + 3*q = -2*q - 3. Suppose 2*f = 4*a - 330, 3*a + 2*a - 2*f - 414 = 0. Suppose -v = o*v - a. What is the tens digit of v?
2
Let w = -244 - -246. Suppose 0 = 2*j - x - 3, 3 = j - 3*x + 9. Suppose 10 = -w*h, -j*h = 5*p - h - 40. What is the tens digit of p?
1
Let j(i) = i**3 - 6*i**2 - 98*i - 47. What is the hundreds digit of j(16)?
9
Let y(f) = -f**3 + f**2 + 14*f + 12. Let b be y(-8). Let a = b + -182. What is the hundreds digit of a?
2
Suppose -2*p = 3 - 15. Let y = p + -4. Suppose -14 = -y*g - 6. What is the units digit of g?
4
Let u(o) = 5*o**3 + o - 1. Let j be u(1). Suppose j = 2*n + 1. What is the units digit of (99/(-15))/(n/(-10))?
3
Let n be 257 - 3*(-1)/3. Suppose -y - n = -4*y. What is the units digit of y?
6
Let w(r) = -2 + 19 - 4*r + 3*r + 3. Let o be w(12). Let t = 14 + o. What is the tens digit of t?
2
Suppose 4*c - 22 + 6 = 0. Let b(z) = 2*z**2 - z + 5. What is the units digit of b(c)?
3
Suppose -2*c - 23 = 3*m, 0*m - 2*c - 28 = 4*m. What is the tens digit of (-6)/m*700/7?
2
What is the tens digit of -6 - 6316/(-12) - 4/(-6)?
2
Let k be (-17)/2 - 12/(-8). Let z(p) = p + 6. Let m be z(k). What is the units digit of (-8 - m)/(1/(-3))?
1
Let n(q) be the second derivative of -q**4/12 + 8*q**3/3 - 15*q**2/2 + 5*q. What is the units digit of n(9)?
8
What is the thousands digit of (26/(-4))/((-15)/4890)?
2
Let y = -761 - -1276. What is the hundreds digit of y?
5
Let w be 4/20 + (2397/(-5))/(-3). Let t(k) = k**3 - 4*k**2 - 5*k - 5. Let i be t(7). Let a = w - i. What is the tens digit of a?
5
Let r(l) = -l**3 - 9*l**2 - l - 5. Let i be r(-10). What is the tens digit of i/6*(-5)/(5/(-6))?
0
Suppose 62*l + 13574 = 3*v + 66*l, 5*l = -3*v + 13570. What is the units digit of v?
0
Suppose 871 - 116 = -5*i. Let o = 212 + i. What is the units digit of o?
1
Suppose 0 = -5*o + 25, 3*o - 735 = -3*t - t. What is the tens digit of t?
8
Let n(s) = s**3 + 9*s**2 + 4. Let p be n(-9). Suppose -4 = 2*v - p*v. What is the units digit of v?
2
Let z = -3 + 8. Suppose -r + i = -z*r - 34, -5*r - 55 = -5*i. Let x = 27 + r. What is the tens digit of x?
1
Suppose -4*m + 50 = -3*u - 70, -3*m = 0. What is the tens digit of 3 - 3*u/3?
4
What is the tens digit of (7 - 5 - -3) + 401?
0
Let b(v) = 104*v - 49. What is the hundreds digit of b(6)?
5
Suppose -10*u + 540 = -0*u. Let q = 87 - u. What is the units digit of q?
3
Suppose 2*w + 112 = 2*v, 0 = -0*w + 2*w - 4*v + 106. Let u = w - -160. What is the units digit of u?
1
Let h = -1107 - -1812. What is the units digit of h?
5
Let b = -108 - -248. Suppose -14 = -2*h + b. What is the tens digit of h?
7
Let j(l) = 81*l**2 + 28*l + 10. What is the units digit of j(-4)?
4
Suppose 15*q + 46*q - 70211 = 0. What is the units digit of q?
1
Let r = -70 + 149. Suppose -7*b + 89 + r = 0. What is the units digit of b?
4
Let i = 1874 - -3929. What is the hundreds digit of i?
8
Suppose 13*k = 1995 + 436. What is the units digit of k?
7
Let s(b) = 3*b**3 - 3*b**2 - b + 5. Let x = -87 - -92. What is the tens digit of s(x)?
0
Let g(b) = 3*b - 2. Let x(m) = -1. Let n(t) = -g(t) + 2*x(t). Let z be n(3). What is the units digit of 1/3 - 123/z?
4
Suppose -2*o + 6 = k + 3*k, 5*o = 4*k + 15. Suppose -13*f + 2456 - 571 = k. What is the tens digit of f?
4
Let d(v) = -33*v + 21. What is the tens digit of d(-1)?
5
Let o = 1077 - 655. What is the tens digit of o?
2
Let n(b) = 2 + 5*b**2 + 6*b + 4*b**3 - 3*b**3 + 0*b**3. Let o be ((-42)/(-12) + -3)/((-1)/6). What is the units digit of n(o)?
2
Let x(r) = 125*r**2 - 9*r + 38. What is the hundreds digit of x(3)?
1
Suppose -2*k + 12 = 12. Suppose 17*x - 20*x + 510 = k. What is the hundreds digit of x?
1
Let v be (-12)/30 - 2/(-5). Suppose -4*j + 4*k = -7*j + 173, j + 5*k - 43 = v. What is the units digit of j?
3
Let i(y) be the second derivative of y**4/12 + 7*y**3/6 - y**2 - 10*y. What is the tens digit of i(5)?
5
Let f = -1470 + 620. What is the tens digit of 4/(-6) + f/(-51)?
1
Let a = 209 - -27. What is the hundreds digit of a?
2
Suppose 0 = -5*k + 5*x + 14890, 61*k - 65*k + 11911 = -3*x. What is the tens digit of k?
7
Let o(m) = m**3 - 11*m**2 + 12*m - 24. Let d be o(10). What is the tens digit of (169/d - 2)/(11/(-44))?
7
Suppos